 2. Suppose 0 = -s + 1 + d. What are the prime factors of s?
3
Let s(l) = -4*l**3 + 16*l**2 + 27*l - 13. Let m(g) = -g**3 + 4*g**2 + 7*g - 3. Let x(k) = -9*m(k) + 2*s(k). List the prime factors of x(6).
19
Let k = 19 + -17. Suppose 56 = 3*c + 5*y - 91, 2*c + k*y - 98 = 0. List the prime factors of c.
7
Let a be (1*-2 - 0) + 78. What are the prime factors of a/12 + 2/3?
7
Let f(d) = -2*d**2 - 5*d**2 + 7*d**2 + d**2 + 4*d. What are the prime factors of f(-7)?
3, 7
Let h(o) = -o**2 - 5*o - 3. Let x be h(-2). Suppose 2*v - 4*v - x*s + 22 = 0, 0 = -v - 5*s + 4. What are the prime factors of v?
2, 7
Let q(f) = f**2 - f + 6. Let t be q(0). Let w be (t/(-10))/(2/(-10)). Suppose -2*y + 65 = 3*a, a = 2*y - w*y + 23. What are the prime factors of a?
19
Suppose w = -w + 18. Let a(d) = d - 7. List the prime factors of a(w).
2
Suppose 4*u = 15 + 25. Suppose 0 = -4*q - 3*m - 44, -2*q = -3*m - m. Let o = q + u. What are the prime factors of o?
2
Let x = 0 + -5. Let v = x - -9. Suppose 0 = -3*r + v*r - 12. What are the prime factors of r?
2, 3
What are the prime factors of (5*(-58)/(-3))/((-6)/(-9))?
5, 29
Let b(z) = -z**2 + 17*z - 13. Let h be b(16). Suppose 2*v - 89 = -h*k, 0 = -v + 2*v + k - 44. What are the prime factors of v?
43
Let c(p) = p**2 + 2*p - 4. What are the prime factors of c(3)?
11
Let w be 12/(-18) - 16/(-6). Suppose -w*v - m + 53 = 5, 2*v = 5*m + 24. What are the prime factors of v?
2, 11
Suppose 0 = 5*j - 246 - 144. List the prime factors of j.
2, 3, 13
Let s(r) = 5*r**2 - r + 1. Let g(v) = 15*v**2 - 2*v + 2. Let j(t) = 3*g(t) - 8*s(t). What are the prime factors of j(-2)?
2, 7
Let f(z) = z + 9. Let y be f(-5). Let q = -1 + y. What are the prime factors of (-6)/(-4)*4/q?
2
Suppose 0*k + 208 = 4*k. What are the prime factors of k?
2, 13
Let r(n) = 2*n**3 - 8 + 5 - n**3 + 4*n. List the prime factors of r(2).
13
Suppose 5*z = z + 4, -3*z - 3 = -3*j. Suppose d - j = 6. What are the prime factors of d?
2
Let r(i) = i. Let q be r(0). Let o = 23 + q. What are the prime factors of o?
23
Let l(h) = -h**2 - 10*h + 3. Let d(g) = g**2 - 8*g + 3. Let c be d(6). List the prime factors of l(c).
2, 3
Let z = -6 + 7. Let p be 5*z - (-6 - -6). Suppose 2*m - 2*d = 34, -4*m + 18 = p*d - 5. What are the prime factors of m?
2, 3
List the prime factors of ((-568)/2)/(19 - 21).
2, 71
Suppose -17 = 4*w + g, 3*w - 16 = -3*g - 40. Let n = 40 - w. List the prime factors of n.
43
Suppose 35 = -3*z + 5*t, -2*z + 6 = 3*t + t. Suppose 5*j + 3*a - 5*a = -13, -4*j - 3*a = 15. Let r = j - z. What are the prime factors of r?
2
Let x = 42 + 8. What are the prime factors of x/18 + (-6)/(-27)?
3
Let o(u) = -u - 6. Let v(s) = s + 7. Let f(j) = 5*o(j) + 4*v(j). Let d(z) = z + 7. Let h be d(-11). List the prime factors of f(h).
2
Suppose -6*o = -3*o - 69. Let x be -4 - (0 - 2) - o. List the prime factors of (-1)/5 - 355/x.
2, 7
Let n(d) = 2*d - 6. Let o be n(9). Suppose -3*u - 2*h = o - 5, -4 = 2*u + h. What are the prime factors of u + (-9)/(-3) + 10?
2, 3
Suppose 3*n + z + 51 = 0, 5*n + 4*z = 8*z - 102. What are the prime factors of (n/5)/((-1)/5)?
2, 3
Let a = -2 - 3. Let p(d) be the second derivative of d**5/20 + 7*d**4/12 + d**3 - d**2 + 2*d. List the prime factors of p(a).
2, 3
Suppose -z = 3*z - 20. Let b(x) = 3*x - 4. List the prime factors of b(z).
11
Suppose m = 5*m - 192. List the prime factors of m.
2, 3
Let n be 2/4*2*2. Let u be (-4)/1 + -15 + 19. Suppose u = -n*y - y + 15. List the prime factors of y.
5
Suppose 192 + 62 = 2*t. What are the prime factors of t?
127
Let l be (-2)/5 + (-1421)/35. Let x = l - -88. What are the prime factors of x?
47
Let s be 2/(-5) - 52/(-5). Let f be 2*(-3)/((-12)/s). Suppose f*j - 48 = j. List the prime factors of j.
2, 3
Let s = -14 + 53. Suppose k - 5*g - s = -k, 27 = 3*k + 3*g. Let d = k + -7. What are the prime factors of d?
5
Let k be 4*5 - (0 + 2). Let d(f) = -7*f - 1. Let w be d(-1). Suppose -3*n - k = -w*n. What are the prime factors of n?
2, 3
Let v be 60*(-1)/((-6)/9). Let l = v - 150. List the prime factors of (4/10)/((-6)/l).
2
Suppose -4*k = -13 - 23. Suppose k*c - 4*c = -4*h + 162, 0 = 2*c + 2*h - 64. Suppose -5*f - 4 = -c. What are the prime factors of f?
2, 3
Suppose o - 2*o + 2*z = -5, 0 = -2*o + 2*z + 8. Suppose w + 4*u = -17, -w - u + 13 = -o*u. What are the prime factors of w?
3
Let k = -51 - -111. Suppose 0 = -2*o + 6*o - k. List the prime factors of o.
3, 5
Let s(m) = -3*m - 2. Let y(f) = f + 1. Let p(t) = 6*s(t) + 21*y(t). List the prime factors of p(9).
2, 3
Let f = -109 - -62. Let i = -22 - f. Suppose -5*o - i = -85. What are the prime factors of o?
2, 3
Let s = 3 + -3. Let w be 7 + 5 + (s - 1). Suppose -u = -4*o + 2*u + w, 3*o - 2*u = 9. What are the prime factors of o?
5
Let l(o) = 1 - 10*o + 0 + 0. Let n(d) = -d**3 + 12*d**2 - 10*d - 12. Let r be n(11). List the prime factors of l(r).
11
Let j = 6 + -2. Let o = 0 + j. Suppose -g - 6*n = -3*n + o, 0 = 3*g + 5*n - 4. What are the prime factors of g?
2
Suppose 5*z + 43 = 2*n, -2*z - z - 33 = -2*n. List the prime factors of n.
3
Suppose -r + 54 + 10 = 0. What are the prime factors of r?
2
Suppose 3*i - 4*i = 0. Let q(p) = -p**2 + 24. Let a be q(i). Suppose -5*o + 8 + a = 2*r, 0 = 3*r - 5*o - 23. What are the prime factors of r?
11
Let r(h) = -22 + 22 - h. List the prime factors of r(-6).
2, 3
Let v(a) = -6*a**3 - 2*a**2 + 2. Let b be v(-2). Suppose -3*p + 3*c = -b, 4*p - 5*c - 44 = 7. List the prime factors of p.
19
Suppose -c + 5 = 4*k, 0*k - 25 = 5*k - 5*c. Let z = 3 - k. Suppose -5*j + 43 = -4*o, 2*j - z*o - 11 = 9. What are the prime factors of j?
7
Let h be (-50)/(-4) - (-3)/(-6). Let y = h - 3. Let n = 3 + y. What are the prime factors of n?
2, 3
Suppose 39*m - 80 = 37*m. What are the prime factors of m?
2, 5
Let m(o) = o + 11. Let b be m(-9). What are the prime factors of 3/(-6) + 49/b?
2, 3
What are the prime factors of ((-22)/(-4) + -2)*4?
2, 7
Let n(z) = -z**2 + 0 - 5*z + 2 + 3. List the prime factors of n(-5).
5
Suppose -a - 2*a = -3*l + 75, -3*a - 133 = -5*l. List the prime factors of l.
29
Let o(c) = c**3 - c**2 + c + 3. Let d be o(0). Let g = d + 2. Let h = g - -5. What are the prime factors of h?
2, 5
Let j(k) be the third derivative of k**6/120 + k**5/30 - k**4/12 + k**3/6 - 6*k**2. Let g(d) = d + 2. Let z be g(-1). List the prime factors of j(z).
2
Suppose -w = 4*w - 440. List the prime factors of w.
2, 11
Let i(j) = -j - 6. Let b be i(-6). What are the prime factors of 1 + 33/3 + b?
2, 3
Let k(d) = -6*d + 3. Let o(p) = 2*p - 1. Let y(b) = -4*k(b) - 11*o(b). Suppose 3*m - 22 = -2*i - 1, -5*m + 28 = i. What are the prime factors of y(i)?
5
Let f = 10 - -10. List the prime factors of f.
2, 5
Suppose -9*v = v - 2120. What are the prime factors of v?
2, 53
Let g be (-12 - -2)*(-4)/10. Suppose g*a = -0*a + 12. Suppose -a*p + 16 = 4. What are the prime factors of p?
2
Let u = -9 - 12. List the prime factors of 295/7 + 3/u.
2, 3, 7
Let f be 1*-3 + 2/2. List the prime factors of 13 - -2 - (f + 3).
2, 7
Suppose 2*g - 5*g = -330. Suppose -a - z - 35 = 0, -a - 2*a = -2*z + g. List the prime factors of (-4)/(-3)*a/(-3).
2
Suppose -2*z = -5*h - 111, 8*h - 3*h + 68 = z. What are the prime factors of z?
43
Suppose 2 = -c + 7. Let x(d) = -9*d**3 - 3*d**2 - 4*d - 3. Let o be x(-2). Suppose c*r - 37 - 18 = 2*a, -5*r = -4*a - o. List the prime factors of r.
3
Let f = -52 - -87. List the prime factors of f.
5, 7
Let f(r) = -r**3 + 6*r**2 - 4. Suppose 4*i = 11 + 9. Let x be f(i). Suppose 0 - x = -3*t. What are the prime factors of t?
7
What are the prime factors of (-4)/(-18) + (-642)/(-27)?
2, 3
List the prime factors of 18/45 - (-226)/10.
23
Suppose t - 62 = -0*t - 5*p, 5*t - 3*p = 170. List the prime factors of t.
37
Suppose -7 = 2*p - 11. Suppose p*a - 125 = -3*a. Suppose -5*z + 29 - 6 = -4*t, t = 4*z - a. List the prime factors of z.
7
Let b(p) = p**3 + 6*p**2 - 2*p - 8. Let m be b(-6). Suppose -m*f + 0*f + 36 = 0. List the prime factors of f/6*20/6.
5
Suppose 2*l = -2*l - 4*b, -3*l - 4 = 4*b. Suppose -3 + 2 = w, 3*s = l*w + 13. Suppose 3*d + c = 18, s*c = -3*d + 4*d - 16. List the prime factors of d.
7
Let x(m) = 21*m - 8. What are the prime factors of x(11)?
223
Let j = 31 + -7. List the prime factors of j.
2, 3
Let z(q) = q**3 - 3*q**2 + 2*q**2 - 4*q**3 